ase 2.
-11100111
Convert -23 (base 4) to base 2.
-1011
Convert 2 (base 12) to base 9.
2
What is -37 (base 9) in base 6?
-54
What is -111 (base 5) in base 7?
-43
23 (base 5) to base 15
d
64 (base 13) to base 2
1010010
What is 3 (base 13) in base 9?
3
Convert -20 (base 15) to base 16.
-1e
Convert 2b (base 12) to base 5.
120
Convert 0 (base 14) to base 5.
0
Convert -175 (base 9) to base 5.
-1044
22 (base 10) to base 16
16
3 (base 8) to base 3
10
Convert 266 (base 10) to base 4.
10022
Convert 51 (base 11) to base 9.
62
Convert 2 (base 3) to base 16.
2
Convert 89 (base 12) to base 8.
151
Convert -202 (base 4) to base 13.
-28
-5b (base 13) to base 14
-56
1 (base 12) to base 8
1
Convert -5c (base 15) to base 10.
-87
-12 (base 6) to base 8
-10
What is 85 (base 9) in base 7?
140
-3 (base 7) to base 4
-3
What is -4 (base 7) in base 16?
-4
What is a (base 13) in base 12?
a
Convert -12 (base 15) to base 10.
-17
-3 (base 12) to base 3
-10
1 (base 10) to base 8
1
Convert -1 (base 5) to base 12.
-1
254 (base 8) to base 11
147
What is -24 (base 14) in base 3?
-1012
Convert -6 (base 11) to base 8.
-6
What is 95 (base 14) in base 6?
335
2 (base 5) to base 4
2
Convert -a (base 13) to base 10.
-10
What is -17 (base 14) in base 2?
-10101
-351 (base 6) to base 10
-139
10101000 (base 2) to base 16
a8
10 (base 3) to base 9
3
182 (base 14) to base 3
102111
Convert -251 (base 7) to base 3.
-11222
Convert -88 (base 10) to base 12.
-74
Convert -2 (base 7) to base 13.
-2
99 (base 15) to base 16
90
Convert -100 (base 3) to base 2.
-1001
What is 39 (base 10) in base 14?
2b
What is -23 (base 8) in base 10?
-19
222 (base 4) to base 6
110
Convert -124 (base 5) to base 4.
-213
325 (base 7) to base 2
10100110
Convert -22 (base 10) to base 7.
-31
What is -4 (base 11) in base 3?
-11
Convert -1 (base 5) to base 3.
-1
-2 (base 7) to base 2
-10
Convert -3 (base 15) to base 7.
-3
2 (base 10) to base 3
2
Convert -4b (base 15) to base 4.
-1013
-2 (base 6) to base 14
-2
What is -21 (base 12) in base 10?
-25
Convert 1 (base 2) to base 3.
1
Convert 11 (base 4) to base 11.
5
What is -56 (base 16) in base 11?
-79
Convert 2 (base 11) to base 14.
2
6c (base 13) to base 7
156
Convert 1 (base 16) to base 3.
1
Convert 110100 (base 2) to base 11.
48
Convert -5 (base 9) to base 5.
-10
What is -1 (base 5) in base 4?
-1
What is 4 (base 7) in base 16?
4
-12 (base 15) to base 6
-25
What is -16 (base 7) in base 15?
-d
Convert -50 (base 6) to base 8.
-36
Convert -24 (base 5) to base 12.
-12
Convert -1 (base 5) to base 11.
-1
Convert -10 (base 4) to base 14.
-4
3 (base 13) to base 7
3
Convert 3 (base 4) to base 14.
3
Convert -30 (base 13) to base 15.
-29
Convert 4 (base 8) to base 4.
10
What is 4 (base 13) in base 15?
4
What is 51 (base 10) in base 3?
1220
23 (base 6) to base 5
30
What is 122 (base 4) in base 2?
11010
17 (base 12) to base 15
14
Convert -3 (base 8) to base 10.
-3
What is -111 (base 5) in base 6?
-51
What is -21 (base 10) in base 7?
-30
-10 (base 2) to base 13
-2
-164 (base 8) to base 11
-a6
-1 (base 6) to base 15
-1
-177 (base 10) to base 9
-216
0 (base 4) to base 12
0
-a7 (base 14) to base 10
-147
100 (base 2) to base 16
4
What is 2 (base 9) in base 15?
2
Convert -11 (base 13) to base 11.
-13
30 (base 6) to base 8
22
Convert 10 (base 3) to base 12.
3
-1b (base 15) to base 14
-1c
-101 (base 2) to base 11
-5
b (base 12) to base 7
14
Convert 4 (base 6) to base 13.
4
-3 (base 10) to base 9
-3
Convert 1235 (base 6) to base 4.
10313
-3 (base 14) to base 8
-3
What is 10030 (base 4) in base 10?
268
What is -51 (base 11) in base 14?
-40
What is -f (base 16) in base 7?
-21
What is -1 (base 9) in base 13?
-1
What is -17 (base 16) in base 8?
-27
-23 (base 4) to base 5
-21
2 (base 14) to base 10
2
What is -44 (base 15) in base 10?
-64
Convert 10111001 (base 2) to base 14.
d3
What is 3 (base 15) in base 16?
3
Convert 12 (base 6) to base 5.
13
Convert 200 (base 3) to base 16.
12
What is -3 (base 6) in base 8?
-3
What is 3 (base 10) in base 3?
10
Convert -14 (base 7) to base 4.
-23
Convert 6 (base 8) to base 2.
110
What is -122 (base 3) in base 10?
-17
Convert -34 (base 6) to base 14.
-18
2022 (base 3) to base 11
57
-13 (base 7) to base 4
-22
Convert -15 (base 7) to base 2.
-1100
Convert 120 (base 3) to base 14.
11
What is 6 (base 7) in base 10?
6
What is 111 (base 5) in base 7?
43
Convert -13 (base 12) to base 16.
-f
Convert 28 (base 14) to base 10.
36
Convert 0 (base 8) to base 2.
0
-4 (base 14) to base 6
-4
What is -4 (base 12) in base 6?
-4
ba (base 14) to base 15
ae
Convert 11 (base 12) to base 5.
23
What is 1 (base 16) in base 4?
1
-223 (base 9) to base 2
-10110111
What is -120 (base 5) in base 12?
-2b
0 (base 15) to base 8
0
What is 4 (base 5) in base 6?
4
11000110 (base 2) to base 5
1243
-10 (base 13) to base 2
-1101
What is -123 (base 6) in base 3?
-1220
4c (base 15) to base 10
72
What is -3a (base 13) in base 14?
-37
Convert -3013 (base 4) to base 3.
-21101
Convert 605 (base 7) to base 12.
20b
16 (base 16) to base 10
22
Convert 341 (base 7) to base 16.
b0
What is -1d (base 15) in base 4?
-130
-44 (base 10) to base 11
-40
What is 131 (base 12) in base 16?
b5
88 (base 14) to base 6
320
-10 (base 7) to base 14
-7
Convert -2 (base 4) to base 13.
-2
Convert 6 (base 16) to base 5.
11
What is -7b (base 13) in base 15?
-6c
Convert a8 (base 14) to base 16.
94
Convert 62 (base 7) to base 2.
101100
Convert 2 (base 5) to base 12.
2
Convert -2 (base 16) to base 13.
-2
What is 19 (base 14) in base 8?
27
Convert 1 (base 4) to base 10.
1
What is -9 (base 13) in base 8?
-11
What is -361 (base 7) in base 12?
-13a
What is -4 (base 7) in base 3?
-11
-1001 (base 3) to base 16
-1c
Convert d4 (base 16) to base 11.
183
What is 116 (base 10) in base 6?
312
What is 95 (base 13) in base 11?
101
4 (base 14) to base 3
11
What is 3 (base 4) in base 9?
3
32 (base 9) to base 8
35
30 (base 9) to base 12
23
Convert -30 (base 5) to base 3.
-120
What is -19 (base 13) in base 11?
-20
What is 1 (base 11) in base 12?
1
Convert -12 (base 3) to base 14.
-5
-b (base 12) to base 8
-13
-4 (base 16) to base 9
-4
Convert 120 (base 4) to base 15.
19
104 (base 6) to base 10
40
Convert 101100 (base 2) to base 7.
62
What is -8 (base 13) in base 5?
-13
What is 2 (base 3) in base 7?
2
Convert -111 (base 7) to base 10.
-57
Convert -f (base 16) to base 5.
-30
What is 1110101 (base 2) in base 4?
1311
What is 1 (base 5) in base 15?
1
What is 111 (base 4) in base 2?
10101
-344 (base 6) to base 13
-a6
What is -422 (base 6) in base 7?
-314
What is b3 (base 16) in base 2?
10110011
What is 120000 (base 3) in base 4?
12111
633 (base 7) to base 15
163
11 (base 4) to base 7
5
What is -93 (base 14) in base 2?
-10000001
Convert 0 (base 8) to base 9.
0
Convert fd (base 16) to base 11.
210
Convert -3 (base 4) to base 10.
-3
What is 10100 (base 2) in base 7?
26
Convert -8 (base 16) to base 10.
-8
Convert 15 (base 10) to base 8.
17
Convert 22 (base 7) to base 13.
13
-20 (base 3) to base 15
-6
17 (base 13) to base 15
15
What is -85 (base 16) in base 12?
-b1
Convert -332 (base 8) to base 12.
-162
Convert 1 (base 14) to base 8.
1
303 (base 5) to base 13
60
Convert -1 (base 5) to base 2.
-1
What is -2 (base 5) in base 14?
-2
-3 (base 13) to base 14
-3
Convert 10 (base 15) to base 3.
120
Convert -74 (base 10) to base 9.
-82
430 (base 5) to base 4
1303
What is 101000 (base 2) in base 5?
130
-53 (base 9) to base 8
-60
What is 33 (base 4) in base 3?
120
Convert -1000000 (base 2) to base 4.
-1000
Convert -11 (base 2) to base 5.
-3
325 (base 8) to base 14
113
Convert 1 (base 10) to base 3.
1
-6 (base 12) to base 2
-110
Convert -15 (base 14) to base 15.
-14
-1110 (base 2) to base 11
-13
Convert 5 (base 9) to base 14.
5
-5 (base 10) to base 9
-5
Convert 195 (base 10) to base 9.
236
What is -1221 (base 3) in base 8?
-64
Convert -1111 (base 2) to base 7.
-21
Convert 0 (base 16) to base 9.
0
-26 (base 12) to base 7
-42
-143 (base 7) to base 2
-1010000
Convert 7 (base 9) to base 7.
10
What is 94 (base 13) in base 8?
171
Convert -1 (base 15) to base 10.
-1
-2010 (base 4) to base 11
-110
What is -143 (base 10) in base 9?
-168
What is -68 (base 13) in base 16?
-56
Convert -9 (base 15) to base 6.
-13
What is 7a (base 15) in base 10?
115
224 (base 6) to base 7
154
What is -3 (ba